{"id":19,"date":"2013-12-21T20:04:33","date_gmt":"2013-12-21T19:04:33","guid":{"rendered":"http:\/\/epilweb.com\/blog\/?page_id=19"},"modified":"2018-01-24T14:36:30","modified_gmt":"2018-01-24T13:36:30","slug":"accessoires","status":"publish","type":"page","link":"https:\/\/epilweb.com\/blog\/accessoires\/","title":{"rendered":"Accessoires"},"content":{"rendered":"<p>On a toujours besoin de petits mat\u00e9riels lors des \u00e9pilations ou des massages. Voici quelques produits et accessoires que nous vous proposons pour vous am\u00e9liorer la vie.<\/p>\n<h4>Les bandes lisses non-tiss\u00e9es<\/h4>\n<p>Les <a href=\"https:\/\/epilweb.com\/bandes-lisses-pour-epilation\/170-paquet-bandes-lisses-epilation-3700167401449.html\">bandes lisses<\/a> sont un accessoire indispensable en \u00e9pilation avec les cires jetables, que ces cires soient en <a href=\"https:\/\/epilweb.com\/48-cire-a-epiler-jetable-tiede-roll-on\">roll-on<\/a> ou en <a href=\"https:\/\/epilweb.com\/49-pots-de-cire-a-epiler-800-ml\">pot<\/a>. Quelques points forts, la bande ne se d\u00e9chire pas \u00e0 l&rsquo;utilisation, ne s&rsquo;effiloche pas que l&rsquo;on s&rsquo;en serve ou pas, est utilis\u00e9 par les professionnels en esth\u00e9tique.<\/p>\n<p><a href=\"https:\/\/epilweb.com\/blog\/wp-content\/uploads\/2013\/12\/0144.jpg\"><img loading=\"lazy\" decoding=\"async\" class=\"aligncenter wp-image-886 size-medium\" title=\"Bandes lisses \u00e9pilation cire jetable\" src=\"https:\/\/epilweb.com\/blog\/wp-content\/uploads\/2013\/12\/0144-300x164.jpg\" alt=\"Bandes lisses non-tiss\u00e9es pour \u00e9pilation cire jetable. Accessoires n\u00e9cessaires \u00e9pilation\" width=\"300\" height=\"164\" srcset=\"https:\/\/epilweb.com\/blog\/wp-content\/uploads\/2013\/12\/0144-300x164.jpg 300w, https:\/\/epilweb.com\/blog\/wp-content\/uploads\/2013\/12\/0144-1024x561.jpg 1024w, https:\/\/epilweb.com\/blog\/wp-content\/uploads\/2013\/12\/0144-900x493.jpg 900w\" sizes=\"auto, (max-width: 300px) 100vw, 300px\" \/><\/a><\/p>\n<h4>\u00a0Drap d&rsquo;examen<\/h4>\n<p>La protection de votre environnement est indispensable, le <a href=\"https:\/\/epilweb.com\/linge-a-usage-unique\/177-drap-examen-protection-table-epilation-institut-3700167406055.html\">drap d&rsquo;examen<\/a> en papier permet de parer aux projections de cire \u00e0 \u00e9piler \u00e0 proximit\u00e9 de la zone de travail. Il se jette apr\u00e8s usage.<\/p>\n<p><a href=\"https:\/\/epilweb.com\/blog\/wp-content\/uploads\/2013\/12\/0605.jpg\"><img loading=\"lazy\" decoding=\"async\" class=\"aligncenter wp-image-888 size-medium\" title=\"drap d'examen pour \u00e9pilations cire \u00e0 \u00e9piler\" src=\"https:\/\/epilweb.com\/blog\/wp-content\/uploads\/2013\/12\/0605-300x187.jpg\" alt=\"Drap d'examen protection de la cire \u00e0 \u00e9piler, accessoires \u00e9pilation\" width=\"300\" height=\"187\" srcset=\"https:\/\/epilweb.com\/blog\/wp-content\/uploads\/2013\/12\/0605-300x187.jpg 300w, https:\/\/epilweb.com\/blog\/wp-content\/uploads\/2013\/12\/0605-1024x639.jpg 1024w, https:\/\/epilweb.com\/blog\/wp-content\/uploads\/2013\/12\/0605-900x561.jpg 900w, https:\/\/epilweb.com\/blog\/wp-content\/uploads\/2013\/12\/0605.jpg 1363w\" sizes=\"auto, (max-width: 300px) 100vw, 300px\" \/><\/a><\/p>\n","protected":false},"excerpt":{"rendered":"<p>On a toujours besoin de petits mat\u00e9riels lors des \u00e9pilations ou des massages. Voici quelques produits et accessoires que nous vous proposons pour vous am\u00e9liorer la vie. Les bandes lisses non-tiss\u00e9es Les bandes lisses sont un accessoire indispensable en \u00e9pilation avec les cires jetables, que ces cires soient en roll-on ou en pot. Quelques points &hellip; <a href=\"https:\/\/epilweb.com\/blog\/accessoires\/\" class=\"more-link\">Continuer la lecture de <span class=\"screen-reader-text\">Accessoires<\/span> <span class=\"meta-nav\">&rarr;<\/span><\/a><\/p>\n","protected":false},"author":1,"featured_media":0,"parent":0,"menu_order":5,"comment_status":"closed","ping_status":"closed","template":"","meta":{"footnotes":""},"class_list":["post-19","page","type-page","status-publish","hentry"],"yoast_head":"<!-- This site is optimized with the Yoast SEO plugin v27.5 - https:\/\/yoast.com\/product\/yoast-seo-wordpress\/ -->\n<title>Accessoires, drap, bandes lisses, spatules, nettoyant<\/title>\n<meta name=\"description\" content=\"Accessoires pour faciliter les \u00e9pilations et les massages. Tous ces produits que l&#039;on ne trouve que chez les professionnels et qui leur facilite le travail.\" \/>\n<meta name=\"robots\" content=\"index, follow, max-snippet:-1, max-image-preview:large, max-video-preview:-1\" \/>\n<link rel=\"canonical\" href=\"https:\/\/epilweb.com\/blog\/accessoires\/\" \/>\n<meta property=\"og:locale\" content=\"fr_FR\" \/>\n<meta property=\"og:type\" content=\"article\" \/>\n<meta property=\"og:title\" content=\"Accessoires, drap, bandes lisses, spatules, nettoyant\" \/>\n<meta property=\"og:description\" content=\"Accessoires pour faciliter les \u00e9pilations et les massages. Tous ces produits que l&#039;on ne trouve que chez les professionnels et qui leur facilite le travail.\" \/>\n<meta property=\"og:url\" content=\"https:\/\/epilweb.com\/blog\/accessoires\/\" \/>\n<meta property=\"og:site_name\" content=\"Epilweb blog\" \/>\n<meta property=\"article:publisher\" content=\"https:\/\/www.facebook.com\/epilweb\" \/>\n<meta property=\"article:modified_time\" content=\"2018-01-24T13:36:30+00:00\" \/>\n<meta property=\"og:image\" content=\"https:\/\/epilweb.com\/blog\/wp-content\/uploads\/2013\/12\/0144-300x164.jpg\" \/>\n<meta name=\"twitter:label1\" content=\"Dur\u00e9e de lecture estim\u00e9e\" \/>\n\t<meta name=\"twitter:data1\" content=\"1 minute\" \/>\n<script type=\"application\/ld+json\" class=\"yoast-schema-graph\">{\"@context\":\"https:\\\/\\\/schema.org\",\"@graph\":[{\"@type\":\"WebPage\",\"@id\":\"https:\\\/\\\/epilweb.com\\\/blog\\\/accessoires\\\/\",\"url\":\"https:\\\/\\\/epilweb.com\\\/blog\\\/accessoires\\\/\",\"name\":\"Accessoires, drap, bandes lisses, spatules, nettoyant\",\"isPartOf\":{\"@id\":\"https:\\\/\\\/epilweb.com\\\/blog\\\/#website\"},\"primaryImageOfPage\":{\"@id\":\"https:\\\/\\\/epilweb.com\\\/blog\\\/accessoires\\\/#primaryimage\"},\"image\":{\"@id\":\"https:\\\/\\\/epilweb.com\\\/blog\\\/accessoires\\\/#primaryimage\"},\"thumbnailUrl\":\"https:\\\/\\\/epilweb.com\\\/blog\\\/wp-content\\\/uploads\\\/2013\\\/12\\\/0144-300x164.jpg\",\"datePublished\":\"2013-12-21T19:04:33+00:00\",\"dateModified\":\"2018-01-24T13:36:30+00:00\",\"description\":\"Accessoires pour faciliter les \u00e9pilations et les massages. Tous ces produits que l'on ne trouve que chez les professionnels et qui leur facilite le travail.\",\"breadcrumb\":{\"@id\":\"https:\\\/\\\/epilweb.com\\\/blog\\\/accessoires\\\/#breadcrumb\"},\"inLanguage\":\"fr-FR\",\"potentialAction\":[{\"@type\":\"ReadAction\",\"target\":[\"https:\\\/\\\/epilweb.com\\\/blog\\\/accessoires\\\/\"]}]},{\"@type\":\"ImageObject\",\"inLanguage\":\"fr-FR\",\"@id\":\"https:\\\/\\\/epilweb.com\\\/blog\\\/accessoires\\\/#primaryimage\",\"url\":\"https:\\\/\\\/epilweb.com\\\/blog\\\/wp-content\\\/uploads\\\/2013\\\/12\\\/0144.jpg\",\"contentUrl\":\"https:\\\/\\\/epilweb.com\\\/blog\\\/wp-content\\\/uploads\\\/2013\\\/12\\\/0144.jpg\",\"width\":2707,\"height\":1483},{\"@type\":\"BreadcrumbList\",\"@id\":\"https:\\\/\\\/epilweb.com\\\/blog\\\/accessoires\\\/#breadcrumb\",\"itemListElement\":[{\"@type\":\"ListItem\",\"position\":1,\"name\":\"Accueil\",\"item\":\"https:\\\/\\\/epilweb.com\\\/blog\\\/\"},{\"@type\":\"ListItem\",\"position\":2,\"name\":\"Accessoires\"}]},{\"@type\":\"WebSite\",\"@id\":\"https:\\\/\\\/epilweb.com\\\/blog\\\/#website\",\"url\":\"https:\\\/\\\/epilweb.com\\\/blog\\\/\",\"name\":\"Epilweb blog\",\"description\":\"Parlons des produits de la boutique Epilweb\",\"publisher\":{\"@id\":\"https:\\\/\\\/epilweb.com\\\/blog\\\/#organization\"},\"potentialAction\":[{\"@type\":\"SearchAction\",\"target\":{\"@type\":\"EntryPoint\",\"urlTemplate\":\"https:\\\/\\\/epilweb.com\\\/blog\\\/?s={search_term_string}\"},\"query-input\":{\"@type\":\"PropertyValueSpecification\",\"valueRequired\":true,\"valueName\":\"search_term_string\"}}],\"inLanguage\":\"fr-FR\"},{\"@type\":\"Organization\",\"@id\":\"https:\\\/\\\/epilweb.com\\\/blog\\\/#organization\",\"name\":\"Epilweb\",\"url\":\"https:\\\/\\\/epilweb.com\\\/blog\\\/\",\"logo\":{\"@type\":\"ImageObject\",\"inLanguage\":\"fr-FR\",\"@id\":\"https:\\\/\\\/epilweb.com\\\/blog\\\/#\\\/schema\\\/logo\\\/image\\\/\",\"url\":\"https:\\\/\\\/epilweb.com\\\/blog\\\/wp-content\\\/uploads\\\/2014\\\/04\\\/4-perles.jpg\",\"contentUrl\":\"https:\\\/\\\/epilweb.com\\\/blog\\\/wp-content\\\/uploads\\\/2014\\\/04\\\/4-perles.jpg\",\"width\":3264,\"height\":1603,\"caption\":\"Epilweb\"},\"image\":{\"@id\":\"https:\\\/\\\/epilweb.com\\\/blog\\\/#\\\/schema\\\/logo\\\/image\\\/\"},\"sameAs\":[\"https:\\\/\\\/www.facebook.com\\\/epilweb\",\"https:\\\/\\\/fr.pinterest.com\\\/epilweb\"]}]}<\/script>\n<!-- \/ Yoast SEO plugin. -->","yoast_head_json":{"title":"Accessoires, drap, bandes lisses, spatules, nettoyant","description":"Accessoires pour faciliter les \u00e9pilations et les massages. Tous ces produits que l'on ne trouve que chez les professionnels et qui leur facilite le travail.","robots":{"index":"index","follow":"follow","max-snippet":"max-snippet:-1","max-image-preview":"max-image-preview:large","max-video-preview":"max-video-preview:-1"},"canonical":"https:\/\/epilweb.com\/blog\/accessoires\/","og_locale":"fr_FR","og_type":"article","og_title":"Accessoires, drap, bandes lisses, spatules, nettoyant","og_description":"Accessoires pour faciliter les \u00e9pilations et les massages. Tous ces produits que l'on ne trouve que chez les professionnels et qui leur facilite le travail.","og_url":"https:\/\/epilweb.com\/blog\/accessoires\/","og_site_name":"Epilweb blog","article_publisher":"https:\/\/www.facebook.com\/epilweb","article_modified_time":"2018-01-24T13:36:30+00:00","og_image":[{"url":"https:\/\/epilweb.com\/blog\/wp-content\/uploads\/2013\/12\/0144-300x164.jpg","type":"","width":"","height":""}],"twitter_misc":{"Dur\u00e9e de lecture estim\u00e9e":"1 minute"},"schema":{"@context":"https:\/\/schema.org","@graph":[{"@type":"WebPage","@id":"https:\/\/epilweb.com\/blog\/accessoires\/","url":"https:\/\/epilweb.com\/blog\/accessoires\/","name":"Accessoires, drap, bandes lisses, spatules, nettoyant","isPartOf":{"@id":"https:\/\/epilweb.com\/blog\/#website"},"primaryImageOfPage":{"@id":"https:\/\/epilweb.com\/blog\/accessoires\/#primaryimage"},"image":{"@id":"https:\/\/epilweb.com\/blog\/accessoires\/#primaryimage"},"thumbnailUrl":"https:\/\/epilweb.com\/blog\/wp-content\/uploads\/2013\/12\/0144-300x164.jpg","datePublished":"2013-12-21T19:04:33+00:00","dateModified":"2018-01-24T13:36:30+00:00","description":"Accessoires pour faciliter les \u00e9pilations et les massages. Tous ces produits que l'on ne trouve que chez les professionnels et qui leur facilite le travail.","breadcrumb":{"@id":"https:\/\/epilweb.com\/blog\/accessoires\/#breadcrumb"},"inLanguage":"fr-FR","potentialAction":[{"@type":"ReadAction","target":["https:\/\/epilweb.com\/blog\/accessoires\/"]}]},{"@type":"ImageObject","inLanguage":"fr-FR","@id":"https:\/\/epilweb.com\/blog\/accessoires\/#primaryimage","url":"https:\/\/epilweb.com\/blog\/wp-content\/uploads\/2013\/12\/0144.jpg","contentUrl":"https:\/\/epilweb.com\/blog\/wp-content\/uploads\/2013\/12\/0144.jpg","width":2707,"height":1483},{"@type":"BreadcrumbList","@id":"https:\/\/epilweb.com\/blog\/accessoires\/#breadcrumb","itemListElement":[{"@type":"ListItem","position":1,"name":"Accueil","item":"https:\/\/epilweb.com\/blog\/"},{"@type":"ListItem","position":2,"name":"Accessoires"}]},{"@type":"WebSite","@id":"https:\/\/epilweb.com\/blog\/#website","url":"https:\/\/epilweb.com\/blog\/","name":"Epilweb blog","description":"Parlons des produits de la boutique Epilweb","publisher":{"@id":"https:\/\/epilweb.com\/blog\/#organization"},"potentialAction":[{"@type":"SearchAction","target":{"@type":"EntryPoint","urlTemplate":"https:\/\/epilweb.com\/blog\/?s={search_term_string}"},"query-input":{"@type":"PropertyValueSpecification","valueRequired":true,"valueName":"search_term_string"}}],"inLanguage":"fr-FR"},{"@type":"Organization","@id":"https:\/\/epilweb.com\/blog\/#organization","name":"Epilweb","url":"https:\/\/epilweb.com\/blog\/","logo":{"@type":"ImageObject","inLanguage":"fr-FR","@id":"https:\/\/epilweb.com\/blog\/#\/schema\/logo\/image\/","url":"https:\/\/epilweb.com\/blog\/wp-content\/uploads\/2014\/04\/4-perles.jpg","contentUrl":"https:\/\/epilweb.com\/blog\/wp-content\/uploads\/2014\/04\/4-perles.jpg","width":3264,"height":1603,"caption":"Epilweb"},"image":{"@id":"https:\/\/epilweb.com\/blog\/#\/schema\/logo\/image\/"},"sameAs":["https:\/\/www.facebook.com\/epilweb","https:\/\/fr.pinterest.com\/epilweb"]}]}},"_links":{"self":[{"href":"https:\/\/epilweb.com\/blog\/wp-json\/wp\/v2\/pages\/19","targetHints":{"allow":["GET"]}}],"collection":[{"href":"https:\/\/epilweb.com\/blog\/wp-json\/wp\/v2\/pages"}],"about":[{"href":"https:\/\/epilweb.com\/blog\/wp-json\/wp\/v2\/types\/page"}],"author":[{"embeddable":true,"href":"https:\/\/epilweb.com\/blog\/wp-json\/wp\/v2\/users\/1"}],"replies":[{"embeddable":true,"href":"https:\/\/epilweb.com\/blog\/wp-json\/wp\/v2\/comments?post=19"}],"version-history":[{"count":10,"href":"https:\/\/epilweb.com\/blog\/wp-json\/wp\/v2\/pages\/19\/revisions"}],"predecessor-version":[{"id":1043,"href":"https:\/\/epilweb.com\/blog\/wp-json\/wp\/v2\/pages\/19\/revisions\/1043"}],"wp:attachment":[{"href":"https:\/\/epilweb.com\/blog\/wp-json\/wp\/v2\/media?parent=19"}],"curies":[{"name":"wp","href":"https:\/\/api.w.org\/{rel}","templated":true}]}}