{"id":15,"date":"2013-12-21T20:04:10","date_gmt":"2013-12-21T19:04:10","guid":{"rendered":"http:\/\/epilweb.com\/blog\/?page_id=15"},"modified":"2018-02-26T18:04:06","modified_gmt":"2018-02-26T17:04:06","slug":"huile-de-massage","status":"publish","type":"page","link":"https:\/\/epilweb.com\/blog\/massage\/huile-de-massage\/","title":{"rendered":"Huile de massage"},"content":{"rendered":"<p>L&rsquo;huile de massage est la partie compl\u00e9mentaire du masseur, le lien de contact entre le masseur et le mass\u00e9. La qualit\u00e9, la texture, la temp\u00e9rature sont des facteurs importants qui feront mettre en \u00e9vidence les qualit\u00e9s du soin.<\/p>\n<p style=\"text-align: left;\"><a href=\"https:\/\/epilweb.com\/84-huile-de-massage-1-litre\"><img loading=\"lazy\" decoding=\"async\" class=\"aligncenter wp-image-135\" title=\"Huile de massage pour professionnels, bien \u00eatre, spa, salon. plusieurs gammmes en huile\" src=\"http:\/\/epilweb.com\/blog\/wp-content\/uploads\/2013\/12\/huiles-300x100.gif\" alt=\"Huile de massage pour les professionnels du modelage et massage\" width=\"300\" height=\"100\" \/><\/a>L&rsquo;huile s\u00e8che est l&rsquo;huile de massage la plus utilis\u00e9e. Pas besoin d&rsquo;appareil pour la r\u00e9chauffer, un chauffe-biberon, un robinet d&rsquo;eau chaude, un radiateur. Pas tr\u00e8s professionnel mais suffisant.<\/p>\n<p style=\"text-align: left;\">Cette huile de massage est pr\u00e9sent\u00e9e en plusieurs conditionnements, 200, 500, 1000 ml et 5 litres, afin de permettre \u00e0 tous de trouver le format le plus adapt\u00e9.<\/p>\n<p>\u00a0Comme vous pouvez le voir, les prix sont vraiment abordables pour des huiles professionnelles. Huiles qu&rsquo;il est assez difficile \u00e0 trouver dans le commerce chez les grossistes en esth\u00e9tique.<\/p>\n<p>Il est a noter qu&rsquo;il existe une<a title=\"Huile de massage neutre et sans odeur, massagse discrets\" href=\"https:\/\/epilweb.com\/huile-de-massage-1-litre\/199-neutre-1-litre-huile-de-massage-adoucissante-pro-3700167409193.html\"> huile de massage <\/a>neutre et sans odeur. Cette huile de massage est conditionn\u00e9e \u00e9galement en 200, 500 ml, litre et 5 litres.<\/p>\n<p><a href=\"https:\/\/epilweb.com\/huile-de-massage-1-litre\/199-huile-de-massage-kine-neutre-spa-institut-grossiste-3700167409193.html\"><img loading=\"lazy\" decoding=\"async\" class=\"alignnone wp-image-486 size-medium\" title=\"Huile de massage, sans odeur pour profesionnels. Huile pro neutre\" src=\"https:\/\/epilweb.com\/blog\/wp-content\/uploads\/2013\/12\/0919-141x300.jpg\" alt=\"Huile de masage pro sans odeur. Huile professionnelle spa, salon, institut\" width=\"141\" height=\"300\" srcset=\"https:\/\/epilweb.com\/blog\/wp-content\/uploads\/2013\/12\/0919-141x300.jpg 141w, https:\/\/epilweb.com\/blog\/wp-content\/uploads\/2013\/12\/0919-482x1024.jpg 482w, https:\/\/epilweb.com\/blog\/wp-content\/uploads\/2013\/12\/0919.jpg 1082w\" sizes=\"auto, (max-width: 141px) 100vw, 141px\" \/><\/a><\/p>\n<p>Les plus curieux pourront choisir dans la gamme l&rsquo;huile adoucissante dont le parfum lui plait le plus. Un large choix d\u00e9termin\u00e9 par les go\u00fbts de la client\u00e8le professionnelle. Jasmin, chocolat, Orchid\u00e9e, camomille, orange, figue de barbarie&#8230;<\/p>\n<h3>Visiter<a title=\"Le meilleur choix en produits d'\u00e9pilation chez les professionnels en esth\u00e9tique\" href=\"https:\/\/epilweb.com\"> La boutique<\/a><\/h3>\n","protected":false},"excerpt":{"rendered":"<p>L&rsquo;huile de massage est la partie compl\u00e9mentaire du masseur, le lien de contact entre le masseur et le mass\u00e9. La qualit\u00e9, la texture, la temp\u00e9rature sont des facteurs importants qui feront mettre en \u00e9vidence les qualit\u00e9s du soin. L&rsquo;huile s\u00e8che est l&rsquo;huile de massage la plus utilis\u00e9e. Pas besoin d&rsquo;appareil pour la r\u00e9chauffer, un chauffe-biberon, &hellip; <a href=\"https:\/\/epilweb.com\/blog\/massage\/huile-de-massage\/\" class=\"more-link\">Continuer la lecture de <span class=\"screen-reader-text\">Huile de massage<\/span> <span class=\"meta-nav\">&rarr;<\/span><\/a><\/p>\n","protected":false},"author":1,"featured_media":0,"parent":7,"menu_order":0,"comment_status":"open","ping_status":"closed","template":"","meta":{"footnotes":""},"class_list":["post-15","page","type-page","status-publish","hentry"],"yoast_head":"<!-- This site is optimized with the Yoast SEO plugin v27.6 - https:\/\/yoast.com\/product\/yoast-seo-wordpress\/ -->\n<title>Huile de massage en litre pour les professionnels du bien \u00eatre en spa<\/title>\n<meta name=\"description\" content=\"Huile de massage, institut, spa, hammam et tous les utilisateurs en massage. Grand choix huile de massage disponible rapidement. Huile parfum\u00e9e adoucissante\" \/>\n<meta name=\"robots\" content=\"index, follow, max-snippet:-1, max-image-preview:large, max-video-preview:-1\" \/>\n<link rel=\"canonical\" href=\"https:\/\/epilweb.com\/blog\/massage\/huile-de-massage\/\" \/>\n<meta property=\"og:locale\" content=\"fr_FR\" \/>\n<meta property=\"og:type\" content=\"article\" \/>\n<meta property=\"og:title\" content=\"Huile de massage en litre pour les professionnels du bien \u00eatre en spa\" \/>\n<meta property=\"og:description\" content=\"Huile de massage, institut, spa, hammam et tous les utilisateurs en massage. Grand choix huile de massage disponible rapidement. Huile parfum\u00e9e adoucissante\" \/>\n<meta property=\"og:url\" content=\"https:\/\/epilweb.com\/blog\/massage\/huile-de-massage\/\" \/>\n<meta property=\"og:site_name\" content=\"Epilweb blog\" \/>\n<meta property=\"article:publisher\" content=\"https:\/\/www.facebook.com\/epilweb\" \/>\n<meta property=\"article:modified_time\" content=\"2018-02-26T17:04:06+00:00\" \/>\n<meta property=\"og:image\" content=\"http:\/\/epilweb.com\/blog\/wp-content\/uploads\/2013\/12\/huiles-300x100.gif\" \/>\n<meta name=\"twitter:label1\" content=\"Dur\u00e9e de lecture estim\u00e9e\" \/>\n\t<meta name=\"twitter:data1\" content=\"1 minute\" \/>\n<script type=\"application\/ld+json\" class=\"yoast-schema-graph\">{\"@context\":\"https:\\\/\\\/schema.org\",\"@graph\":[{\"@type\":\"WebPage\",\"@id\":\"https:\\\/\\\/epilweb.com\\\/blog\\\/massage\\\/huile-de-massage\\\/\",\"url\":\"https:\\\/\\\/epilweb.com\\\/blog\\\/massage\\\/huile-de-massage\\\/\",\"name\":\"Huile de massage en litre pour les professionnels du bien \u00eatre en spa\",\"isPartOf\":{\"@id\":\"https:\\\/\\\/epilweb.com\\\/blog\\\/#website\"},\"primaryImageOfPage\":{\"@id\":\"https:\\\/\\\/epilweb.com\\\/blog\\\/massage\\\/huile-de-massage\\\/#primaryimage\"},\"image\":{\"@id\":\"https:\\\/\\\/epilweb.com\\\/blog\\\/massage\\\/huile-de-massage\\\/#primaryimage\"},\"thumbnailUrl\":\"http:\\\/\\\/epilweb.com\\\/blog\\\/wp-content\\\/uploads\\\/2013\\\/12\\\/huiles-300x100.gif\",\"datePublished\":\"2013-12-21T19:04:10+00:00\",\"dateModified\":\"2018-02-26T17:04:06+00:00\",\"description\":\"Huile de massage, institut, spa, hammam et tous les utilisateurs en massage. Grand choix huile de massage disponible rapidement. Huile parfum\u00e9e adoucissante\",\"breadcrumb\":{\"@id\":\"https:\\\/\\\/epilweb.com\\\/blog\\\/massage\\\/huile-de-massage\\\/#breadcrumb\"},\"inLanguage\":\"fr-FR\",\"potentialAction\":[{\"@type\":\"ReadAction\",\"target\":[\"https:\\\/\\\/epilweb.com\\\/blog\\\/massage\\\/huile-de-massage\\\/\"]}]},{\"@type\":\"ImageObject\",\"inLanguage\":\"fr-FR\",\"@id\":\"https:\\\/\\\/epilweb.com\\\/blog\\\/massage\\\/huile-de-massage\\\/#primaryimage\",\"url\":\"http:\\\/\\\/epilweb.com\\\/blog\\\/wp-content\\\/uploads\\\/2013\\\/12\\\/huiles-300x100.gif\",\"contentUrl\":\"http:\\\/\\\/epilweb.com\\\/blog\\\/wp-content\\\/uploads\\\/2013\\\/12\\\/huiles-300x100.gif\"},{\"@type\":\"BreadcrumbList\",\"@id\":\"https:\\\/\\\/epilweb.com\\\/blog\\\/massage\\\/huile-de-massage\\\/#breadcrumb\",\"itemListElement\":[{\"@type\":\"ListItem\",\"position\":1,\"name\":\"Accueil\",\"item\":\"https:\\\/\\\/epilweb.com\\\/blog\\\/\"},{\"@type\":\"ListItem\",\"position\":2,\"name\":\"Massage\",\"item\":\"https:\\\/\\\/epilweb.com\\\/blog\\\/massage\\\/\"},{\"@type\":\"ListItem\",\"position\":3,\"name\":\"Huile de massage\"}]},{\"@type\":\"WebSite\",\"@id\":\"https:\\\/\\\/epilweb.com\\\/blog\\\/#website\",\"url\":\"https:\\\/\\\/epilweb.com\\\/blog\\\/\",\"name\":\"Epilweb blog\",\"description\":\"Parlons des produits de la boutique Epilweb\",\"publisher\":{\"@id\":\"https:\\\/\\\/epilweb.com\\\/blog\\\/#organization\"},\"potentialAction\":[{\"@type\":\"SearchAction\",\"target\":{\"@type\":\"EntryPoint\",\"urlTemplate\":\"https:\\\/\\\/epilweb.com\\\/blog\\\/?s={search_term_string}\"},\"query-input\":{\"@type\":\"PropertyValueSpecification\",\"valueRequired\":true,\"valueName\":\"search_term_string\"}}],\"inLanguage\":\"fr-FR\"},{\"@type\":\"Organization\",\"@id\":\"https:\\\/\\\/epilweb.com\\\/blog\\\/#organization\",\"name\":\"Epilweb\",\"url\":\"https:\\\/\\\/epilweb.com\\\/blog\\\/\",\"logo\":{\"@type\":\"ImageObject\",\"inLanguage\":\"fr-FR\",\"@id\":\"https:\\\/\\\/epilweb.com\\\/blog\\\/#\\\/schema\\\/logo\\\/image\\\/\",\"url\":\"https:\\\/\\\/epilweb.com\\\/blog\\\/wp-content\\\/uploads\\\/2014\\\/04\\\/4-perles.jpg\",\"contentUrl\":\"https:\\\/\\\/epilweb.com\\\/blog\\\/wp-content\\\/uploads\\\/2014\\\/04\\\/4-perles.jpg\",\"width\":3264,\"height\":1603,\"caption\":\"Epilweb\"},\"image\":{\"@id\":\"https:\\\/\\\/epilweb.com\\\/blog\\\/#\\\/schema\\\/logo\\\/image\\\/\"},\"sameAs\":[\"https:\\\/\\\/www.facebook.com\\\/epilweb\",\"https:\\\/\\\/fr.pinterest.com\\\/epilweb\"]}]}<\/script>\n<!-- \/ Yoast SEO plugin. -->","yoast_head_json":{"title":"Huile de massage en litre pour les professionnels du bien \u00eatre en spa","description":"Huile de massage, institut, spa, hammam et tous les utilisateurs en massage. Grand choix huile de massage disponible rapidement. Huile parfum\u00e9e adoucissante","robots":{"index":"index","follow":"follow","max-snippet":"max-snippet:-1","max-image-preview":"max-image-preview:large","max-video-preview":"max-video-preview:-1"},"canonical":"https:\/\/epilweb.com\/blog\/massage\/huile-de-massage\/","og_locale":"fr_FR","og_type":"article","og_title":"Huile de massage en litre pour les professionnels du bien \u00eatre en spa","og_description":"Huile de massage, institut, spa, hammam et tous les utilisateurs en massage. Grand choix huile de massage disponible rapidement. Huile parfum\u00e9e adoucissante","og_url":"https:\/\/epilweb.com\/blog\/massage\/huile-de-massage\/","og_site_name":"Epilweb blog","article_publisher":"https:\/\/www.facebook.com\/epilweb","article_modified_time":"2018-02-26T17:04:06+00:00","og_image":[{"url":"http:\/\/epilweb.com\/blog\/wp-content\/uploads\/2013\/12\/huiles-300x100.gif","type":"","width":"","height":""}],"twitter_misc":{"Dur\u00e9e de lecture estim\u00e9e":"1 minute"},"schema":{"@context":"https:\/\/schema.org","@graph":[{"@type":"WebPage","@id":"https:\/\/epilweb.com\/blog\/massage\/huile-de-massage\/","url":"https:\/\/epilweb.com\/blog\/massage\/huile-de-massage\/","name":"Huile de massage en litre pour les professionnels du bien \u00eatre en spa","isPartOf":{"@id":"https:\/\/epilweb.com\/blog\/#website"},"primaryImageOfPage":{"@id":"https:\/\/epilweb.com\/blog\/massage\/huile-de-massage\/#primaryimage"},"image":{"@id":"https:\/\/epilweb.com\/blog\/massage\/huile-de-massage\/#primaryimage"},"thumbnailUrl":"http:\/\/epilweb.com\/blog\/wp-content\/uploads\/2013\/12\/huiles-300x100.gif","datePublished":"2013-12-21T19:04:10+00:00","dateModified":"2018-02-26T17:04:06+00:00","description":"Huile de massage, institut, spa, hammam et tous les utilisateurs en massage. Grand choix huile de massage disponible rapidement. Huile parfum\u00e9e adoucissante","breadcrumb":{"@id":"https:\/\/epilweb.com\/blog\/massage\/huile-de-massage\/#breadcrumb"},"inLanguage":"fr-FR","potentialAction":[{"@type":"ReadAction","target":["https:\/\/epilweb.com\/blog\/massage\/huile-de-massage\/"]}]},{"@type":"ImageObject","inLanguage":"fr-FR","@id":"https:\/\/epilweb.com\/blog\/massage\/huile-de-massage\/#primaryimage","url":"http:\/\/epilweb.com\/blog\/wp-content\/uploads\/2013\/12\/huiles-300x100.gif","contentUrl":"http:\/\/epilweb.com\/blog\/wp-content\/uploads\/2013\/12\/huiles-300x100.gif"},{"@type":"BreadcrumbList","@id":"https:\/\/epilweb.com\/blog\/massage\/huile-de-massage\/#breadcrumb","itemListElement":[{"@type":"ListItem","position":1,"name":"Accueil","item":"https:\/\/epilweb.com\/blog\/"},{"@type":"ListItem","position":2,"name":"Massage","item":"https:\/\/epilweb.com\/blog\/massage\/"},{"@type":"ListItem","position":3,"name":"Huile de massage"}]},{"@type":"WebSite","@id":"https:\/\/epilweb.com\/blog\/#website","url":"https:\/\/epilweb.com\/blog\/","name":"Epilweb blog","description":"Parlons des produits de la boutique Epilweb","publisher":{"@id":"https:\/\/epilweb.com\/blog\/#organization"},"potentialAction":[{"@type":"SearchAction","target":{"@type":"EntryPoint","urlTemplate":"https:\/\/epilweb.com\/blog\/?s={search_term_string}"},"query-input":{"@type":"PropertyValueSpecification","valueRequired":true,"valueName":"search_term_string"}}],"inLanguage":"fr-FR"},{"@type":"Organization","@id":"https:\/\/epilweb.com\/blog\/#organization","name":"Epilweb","url":"https:\/\/epilweb.com\/blog\/","logo":{"@type":"ImageObject","inLanguage":"fr-FR","@id":"https:\/\/epilweb.com\/blog\/#\/schema\/logo\/image\/","url":"https:\/\/epilweb.com\/blog\/wp-content\/uploads\/2014\/04\/4-perles.jpg","contentUrl":"https:\/\/epilweb.com\/blog\/wp-content\/uploads\/2014\/04\/4-perles.jpg","width":3264,"height":1603,"caption":"Epilweb"},"image":{"@id":"https:\/\/epilweb.com\/blog\/#\/schema\/logo\/image\/"},"sameAs":["https:\/\/www.facebook.com\/epilweb","https:\/\/fr.pinterest.com\/epilweb"]}]}},"_links":{"self":[{"href":"https:\/\/epilweb.com\/blog\/wp-json\/wp\/v2\/pages\/15","targetHints":{"allow":["GET"]}}],"collection":[{"href":"https:\/\/epilweb.com\/blog\/wp-json\/wp\/v2\/pages"}],"about":[{"href":"https:\/\/epilweb.com\/blog\/wp-json\/wp\/v2\/types\/page"}],"author":[{"embeddable":true,"href":"https:\/\/epilweb.com\/blog\/wp-json\/wp\/v2\/users\/1"}],"replies":[{"embeddable":true,"href":"https:\/\/epilweb.com\/blog\/wp-json\/wp\/v2\/comments?post=15"}],"version-history":[{"count":19,"href":"https:\/\/epilweb.com\/blog\/wp-json\/wp\/v2\/pages\/15\/revisions"}],"predecessor-version":[{"id":1116,"href":"https:\/\/epilweb.com\/blog\/wp-json\/wp\/v2\/pages\/15\/revisions\/1116"}],"up":[{"embeddable":true,"href":"https:\/\/epilweb.com\/blog\/wp-json\/wp\/v2\/pages\/7"}],"wp:attachment":[{"href":"https:\/\/epilweb.com\/blog\/wp-json\/wp\/v2\/media?parent=15"}],"curies":[{"name":"wp","href":"https:\/\/api.w.org\/{rel}","templated":true}]}}